+ -739 + (-44 - 1)?
-86
Calculate 135 + -107 - (-2 + (81 - 0)).
-51
What is the value of -6 + (-1 + (1 - 1) + 10 - 7)?
-4
(-8 - -21) + (5 - 112) - (4 + 7 + -5)
-100
78 + -181 + 65 + -7
-45
Evaluate (13 - 23) + (24 - 2) - (10 - 24).
26
Calculate (5487 - 5445) + 32 + -2 + -1.
71
What is (-36 - (-57 + -10)) + (11 - 60)?
-18
Evaluate -12 + 13 + 30 + (17 - 52).
-4
What is the value of 56 - -2 - (0 + 31 + (1246 - 1277))?
58
-29 - (25 - (28 + 134 - 32))
76
21 - (-26 + 25 + -8 - 1 - (-1 + -21))
9
Calculate -2 + -43 - ((-10 - -1) + (-193 - -209)).
-52
-2 + (-11 - (-6 + (-14 - -5)) - 54) + -9
-61
0 + -15 + -1 + -160 + 105 + -22
-93
What is the value of -50 - (0 + 1 - ((-19 - (17 - 13)) + 17))?
-57
What is the value of (56 - (-28 - -19 - (3 - 17))) + -8 - 3?
40
Evaluate 26 + -4 + (-16 - 13) + 1 + -5 + 24.
13
What is the value of 20 + -2 + 2 + -211 + 215 + (-2 - 8)?
14
65 - ((48 - -39) + 14)
-36
Evaluate (-1 + 1 - 13) + -206 + (203 - -90).
74
Evaluate 12 + (0 - -8) + (8 - 16) - -13.
25
-1 + 16 + (-90 - 35) + (25 - 4)
-89
20 + (10 + 33 - 39) + 60
84
(-9 - 68) + (-176 - -206)
-47
What is 29 + -20 + 38 + -17 - -80?
110
What is the value of 121 - 103 - (-2 + 32)?
-12
Calculate (-54 - -12) + (15 - -3) - -3.
-21
Calculate 17 - (-47 - (-14 - -16)) - 21.
45
(3 - (-7 - -3)) + -5 + -10 + 7 + -55
-56
Evaluate -28 + -2 - (54 + -98 + -24).
38
What is the value of 26 - (7 + 34) - (-4 + -110 - 7)?
106
33 - (-25 - 0) - 35
23
What is the value of (16 - (-56 + 15)) + (-5 - 7 - -8) + 14?
67
What is 25 - (-146 - -105) - (-3 + -3)?
72
Calculate -34 - (-3 + 16 - (57 - 37 - (-3 - -5))).
-29
-55 + 5 + -3 - (42 + -20 - 19 - 1)
-55
What is the value of (70 + -82 - (0 - 10)) + 20 + 23?
41
What is the value of -14 - (-120 + 109 + (-1 - (2 - 20)))?
-20
What is the value of -48 - (5 + -5 + -5) - (17 + 22 + -40)?
-42
Evaluate (4 - -60) + -105 + 69 + -128.
-100
1 - -49 - (16874 - 16785)
-39
What is (2 - 2) + 3 + -2 - 4 - (436 + -505)?
66
What is the value of (-16 + -5 - 5) + 32 + -10?
-4
-5 + (-3 - (-2 + (-7 - 5))) + -1 + -35
-30
What is the value of 182 + -116 - -13 - -24?
103
(-113 - (126 - 279)) + -35
5
What is the value of -13 + 0 + -45 + 38 + (0 - -10) - 17?
-27
What is the value of -21 + 6 + 1 + 1486 + -1518?
-46
Calculate 90 + 22 + -20 - -10 - (-5 + 6 - 4).
105
Calculate 1814 + -1899 + -64 + 1.
-148
Calculate -64 + 19 + (2 - 12 - (-44 - -41) - 2).
-54
(1048 - 1031) + (-1 - 44)
-28
Evaluate (-12 - 1) + -153 + 151.
-15
What is 38 - (-4 + (-9 - (1 - 15 - -15)))?
52
(-91 - -87 - (0 + -55)) + -33
18
What is (-46 - (27 - 77)) + 86 + -34?
56
What is (-23 - (-65 - -33) - (-58 + 2)) + -5 - -3?
63
Calculate -32 + (0 - 2) + -50 + 40 + 10.
-34
Calculate 1 - -42 - (3759 - 3731).
15
Evaluate 36 + -102 + -9 + (18 - 0) - (12 - 0).
-69
-18 - -23 - (-13 - (-1 + -60))
-43
What is 3 - 9 - ((102 - 127) + 41)?
-22
What is the value of 90 + (-1 - 4 - (-160 + 158 + -2 + -1))?
90
What is (51 - -37 - (-11 + 14)) + 0 + 20?
105
What is the value of (-8 - -11) + (3 - (-16 + 18))?
4
What is the value of 47 + (-30 - 0) + (-1222 - -1247)?
42
Evaluate -4 + (-4 - -6) + -5 - (2 + (-37 - 1)).
29
What is 32 + (-54 - -48) + -34 + (-1 - 0) + 32?
23
Evaluate 3 - (-3 + 12 - 8) - 20 - -64.
46
Calculate -26 + 1 + -15 + 129 + -97.
-8
What is (9 - 6) + 3 + -14 - (-15 + 10)?
-3
What is -4 + -10 + (161 - 156) + -39 + -1?
-49
Calculate 50 + -7 + 87 + -97.
33
Evaluate 0 - -3 - (4988 - 5006).
21
Evaluate (1 - 14) + (-23 - (8 + -21 + -29)).
6
Evaluate (-4 - 17) + -25 + (17 - (-12 - -18)).
-35
What is 55 + 6 + (4 - (-3 + 2 + -4) - 10)?
60
What is the value of 24 - (2 + -1) - (142 - (322 - 197))?
6
Evaluate (2 - -48) + (4 - -4) + (-12 - -9 - 5).
50
What is the value of 5 + (-1 - (-11 - -5)) - -1 - -36?
47
Evaluate (4651 - 4543) + -1 + -54.
53
19 - (-8 - -11 - -9) - (22 + -9)
-6
Evaluate 42 + -43 + -12 - -14.
1
Evaluate -86 + 53 + -84 + 61.
-56
What is the value of (-4 - (-12 - (-1 - (-3 + 12)) - 0)) + 25?
23
What is the value of 13 + 15 + (5 - 127) - 21 - -3?
-112
What is the value of 6 - (-52 + (-17 - -95))?
-20
Evaluate 1 + -48 + (-9 - -9) + (126 - 129).
-50
Evaluate (-51 - 0) + (-55 - -72).
-34
What is -1205 + 1183 - (3 + -5 - 26)?
6
Calculate (-16 - -5) + 44 - (-5 - -28).
10
Evaluate (52 - (-45 + 126)) + (2 - (-8 - (-5 + 2))).
-22
Calculate 10 - (75 - (-48 - -77)).
-36
72 - (24 + -9 + 26 - 5)
36
(0 - 5) + -6 - -5 - (-7 - -48)
-47
What is the value of 94 + -28 + -22 + 8 + 38 + -7?
83
Evaluate -18 + (111 - 235) + 84.
-58
What is (-65 - -16) + (0 - -7 - -1) + -20?
-61
41 - (-17 + 38 + 0)
20
What is 77 - (-31 - -22 - 33 - -37)?
82
What is the value of 0 + 1 + -1 + (62 - (-162 + 161))?
63
-59 - 12 - ((0 - 5) + (-4 - (-19 + 10)))
-71
What is -12 + 112 + (-6 + 4 - (8 + -1)) - 2?
89
6 + -25 + -6 + 24 - 92
-93
61 + (1 + 13 - (-480 - -491)) + -5 + 4
63
Calculate 18 + (-1 - 2) - (-1479 + 1461 - (1 - 75)).
-41
Evaluate 17 - (14 - (17 + 16)) - 153.
-117
Calculate 11 + -1 + ((-28 - -41) + -39 - -17).
1
Evaluate -15 + 8 - (-10 - (-2 + -3 + 14 + -7)).
5
Calculate -30 + (54 - -16) - (-26 - -28).
38
Calculate -5 + (-33 - ((1 - 7) + 6)) + (-4 - -7).
-35
What is (22 - (-21 + 87)) + 66?
22
What is the value of 48 + -126 + -116 + 153?
-41
What is the value of (5 - -24) + 1 + (-13 - 6) - -54?
65
What is (-20 - -19) + -4 + -2 + 276 + -203?
66
(-2 - (-10 + 0 + 70)) + (-15 - 2)
-79
Evaluate 302 + -228 + (10 + -17 - 2).
65
What is the value of 257 + -262 - ((-32 - -2) + 0 + -4)?
29
Calculate (-129 - -136) + 7 + (-5 - -4) + 2.
15
Evaluate 11 - -1 - (137 + (116 - 263)).
22
-22 - (53 - (95 + -24))
-4
Evaluate (10 - 28 - -17) + 22 + -10 - -19.
30
What is -15 + -104 - (262 - 229)?
-152
What is 59 - 75 - (-6 + 0 - -11)?
-21
Evaluate (-19 - -20 - 15) + -5 + 49.
30
18 + -20 + (27 - 6) - 32
-13
-5 - -3 - (1411 - 1487)
74
Calculate 69 - 23 - (-3 - (12 - 12)).
49
1 - 1 - -30 - (-158 - (103 - 273))
18
What is 15 + -7 + -13 + (3 + 8 - 3)?
3
(8 + -4 - (-1 - -1)) + (14 - (-7 - -2))
23
What is the value of (77 - 81) + 0 + 37 - -10?
43
3 - (20 + 8 - 47)
22
257 + -246 - (0 + (59 - 2) + 4)
-50
-42 + -32 + -15 + 40 + -11
-60
Evaluate 3 + 4 - (4 + (-4 - -12)) - (-143 + 213).
-75
What is the value of (-4003 - -4022) + -134 + 0 + 1 + -5?
-119
What is -48 - 54 - -96 - -100?
94
Calculate 0 + 57 - (50 + -19 - 30).
56
Calculate -44 - (38 + -68 - 1).
-13
Evaluate (2 - (7 - (7 - (5 + -3)))) + 0.
0
Calculate -6 + 40 + -37 - (-16 - -2).
11
Calculate -138 + (12 - (-116 - -39)).
-49
9 + (-60 - 0) + -13 + -48 + 60
-52
-1091 + 1069 + (0 - -20) + (-2 + 2 - -21)
19
(43 - 69) + 42 + 31 + -190
-143
Calculate (12 - 1) + 223 + -227 + -2 + (-1 - -95).
99
What is the value of (1 + -1 + -107 - 1) + (52533 - 52519)?
-94
What is the value of -18 + 0 + -155 + 134?
-39
What is (-38 + 41 + 31 - (18 - 2)) + -107?
-89
Calculate (-11 - 7) + 39 + -21 - (-2 - -5) - -19.
16
What is -8348 + 8360 - (3 + -77 - (2 - (-2 - -6)))?
84
-16 + 1 + 34 + 61 - (7 + -6 + 4)
75
Calculate 530 + -501 + (6 - -23).
58
What is -64 + ((23 - -1) + 13 - 9)?
-36
15 + (-261 - -255) + (1 - -10) + -94 + -7
-81
Calculate (480 - 413) + (-4 - -5 - -3) + -12.
59
Evaluate (21 - (14 + -3 - 22)) + 4.
36
What is the value of 38 - (-10 + 13 + (-9 - 4) + 6)?
42
Calculate 1 + -1 + -8 + 99 + 159 + -168.
82
What is 63 - ((-113 - -70) + 67)?
39
Calculate (-9 - -49) + -61 + 33.
12
Evaluate 0 + -50 + 1 + (65154 - 65135).
-30
Calculate (0 - 2) + 114 + -162 + 85.
35
(-5 - -16) + (10 - 7) - (-2 - 5)
21
Evaluate (-23 - (-1 + -27) - -7) + (-3 - (0 - 3)).
12
What is the value of 9 + -6 + (1 - -2) + 24 + -28 + -29?
-27
What is the value of (92 - 58) + -9 - 62?
-37
-9 + (-11 - -1) + -30 + 37 - -64
52
Calculate 9 - (-10 + 18 - 11 - (-1 + 5)).
16
Calculate (-101 - (-80 - -62)) + 32.
-51
What is the value of 8 - 8 - (8 - (13 - (4 - 29)))?
30
19 + (-1 + 21 - (65 + 0 + 40))
-66
What is the value of -7 - (-8 - (-4 + 2)) - (-483 + 548)?
-66
Calculate -70 + (105 + -86 - -25).
-26
Evaluate 28 + (-36 - -1) + (-20 - (3 + -5)).
-25
Calculate (-607 - -786) + (-99 - 0).
80
Evaluate -20 - (-123 + 65) - -27.
65
Evaluate 20 - (-17 + -1 + 11 - 24).
51
Calculate 1 + 16 + (498 - 528) + (43 + 2 - 3).
29
-32 - (8 - ((3 - (-6 + 4)) + -6))
-41
Calculate 73 + -12 + -7 - 19 - 3.
32
Evaluate (1 - (2 - 1)) + -184 + -113 + 302.
5
Evaluate (-148 - -137) + (-1 - -2 - (7 - 4)).
-13
Ca